27030728?
2861
What is the greatest common divisor of 164061790 and 80?
10
What is the highest common divisor of 470 and 72070?
10
What is the greatest common divisor of 227413 and 25489?
71
Calculate the highest common divisor of 860325609 and 26.
13
What is the greatest common factor of 5566635 and 309?
309
Calculate the greatest common divisor of 22136 and 50542022.
5534
What is the greatest common factor of 136007580 and 6790?
970
What is the highest common factor of 380 and 3964540?
380
What is the greatest common factor of 697875190 and 70?
10
Calculate the highest common factor of 69231358 and 223468.
4858
Calculate the highest common factor of 42 and 26630499.
21
Calculate the greatest common factor of 283941520 and 320.
80
What is the greatest common divisor of 136346 and 29358?
14
Calculate the highest common divisor of 567 and 129339567.
63
Calculate the greatest common divisor of 1548 and 129449436.
516
Calculate the highest common divisor of 171 and 246620589.
57
Calculate the greatest common factor of 5439 and 271261578.
777
What is the highest common factor of 4312840 and 252?
28
What is the greatest common divisor of 34678666 and 32?
2
What is the highest common factor of 452517 and 25187?
283
What is the greatest common divisor of 85470 and 49035?
105
Calculate the greatest common divisor of 592662 and 18849.
309
Calculate the highest common divisor of 744 and 2908141.
31
What is the greatest common factor of 3726352 and 3104?
1552
What is the highest common divisor of 7935 and 1593348?
1587
Calculate the highest common divisor of 234624 and 53.
1
Calculate the greatest common factor of 2757491 and 22.
11
What is the greatest common factor of 432 and 64401048?
216
What is the greatest common divisor of 5760116 and 3249?
361
What is the highest common divisor of 232 and 29827?
1
What is the greatest common divisor of 105099330 and 15?
15
Calculate the highest common factor of 206626501 and 95.
19
What is the highest common factor of 9 and 87336615?
3
Calculate the greatest common divisor of 4576 and 5436002.
286
What is the greatest common divisor of 231 and 84799?
11
Calculate the greatest common divisor of 4061 and 13007786.
31
Calculate the greatest common divisor of 7559263 and 626.
313
What is the greatest common factor of 38080 and 3395?
35
What is the highest common divisor of 28766010 and 13104?
546
What is the greatest common divisor of 7711182 and 6678?
954
Calculate the greatest common divisor of 6 and 205813446.
6
Calculate the highest common factor of 1880 and 98794.
94
What is the highest common divisor of 146374270 and 20?
10
What is the greatest common factor of 2160 and 27270?
270
Calculate the greatest common factor of 13128488 and 592.
296
Calculate the greatest common divisor of 49 and 4364244633.
49
What is the greatest common factor of 224602879 and 410?
41
Calculate the greatest common divisor of 17280 and 5880816.
432
What is the highest common divisor of 687246340 and 8360?
4180
What is the highest common factor of 13573 and 1797908?
49
Calculate the highest common divisor of 1590 and 2814830.
530
What is the highest common divisor of 58366 and 135463317?
4169
What is the highest common factor of 414 and 80002602?
414
Calculate the greatest common divisor of 11039534 and 682.
682
What is the highest common factor of 401803 and 188?
47
What is the greatest common factor of 1512648 and 264?
24
What is the highest common factor of 410666 and 10058?
214
Calculate the highest common divisor of 2489 and 140606099.
2489
Calculate the highest common factor of 212709225 and 21900.
5475
Calculate the highest common factor of 12481140 and 180.
60
What is the greatest common factor of 96 and 2130636?
12
Calculate the greatest common divisor of 168 and 4756269.
21
What is the greatest common divisor of 196043796 and 7956?
7956
What is the greatest common factor of 273426 and 11542?
398
Calculate the highest common divisor of 20354992 and 833.
49
What is the greatest common factor of 29808 and 2941792?
368
What is the highest common factor of 41206 and 7062?
22
Calculate the highest common divisor of 7401085 and 1725565.
3695
Calculate the highest common divisor of 67335 and 158187.
201
Calculate the greatest common factor of 2499 and 550987.
17
Calculate the greatest common divisor of 5 and 27297509.
1
What is the greatest common factor of 56351554 and 28?
14
What is the highest common divisor of 10334354 and 2776?
694
Calculate the highest common divisor of 1065 and 19677579.
213
What is the greatest common divisor of 429 and 213129579?
39
Calculate the highest common divisor of 22442213 and 41557.
1433
What is the highest common factor of 209 and 965682619?
209
Calculate the highest common divisor of 145 and 6092755.
145
What is the greatest common factor of 12981740 and 180?
20
Calculate the greatest common factor of 190981575 and 25.
25
What is the greatest common divisor of 42718 and 353834?
806
What is the greatest common divisor of 35334 and 11947?
13
What is the highest common divisor of 402 and 30605574?
6
What is the highest common divisor of 3268 and 3986100?
172
Calculate the highest common divisor of 114655236 and 3720.
372
What is the highest common divisor of 4510 and 13726595?
205
Calculate the greatest common factor of 33834402 and 31122.
2394
Calculate the highest common factor of 1579608009 and 2259.
2259
What is the highest common divisor of 723332 and 2077?
67
Calculate the highest common divisor of 8991062 and 7412.
34
What is the greatest common factor of 2757 and 14840012?
919
What is the greatest common factor of 60209815 and 8396?
2099
What is the greatest common factor of 794325140 and 1565?
1565
Calculate the highest common factor of 14 and 992554.
2
Calculate the greatest common factor of 334852 and 29260.
28
Calculate the greatest common divisor of 41118690 and 370.
10
What is the highest common factor of 4608 and 200232?
72
What is the greatest common divisor of 8225825 and 4450?
2225
What is the highest common factor of 17432493 and 155493?
17277
Calculate the highest common factor of 50 and 746908830.
10
Calculate the highest common factor of 547812913 and 21284.
5321
Calculate the greatest common factor of 12529548 and 36.
36
Calculate the highest common divisor of 4557 and 1180635.
93
Calculate the greatest common divisor of 802588 and 2762264.
2836
Calculate the greatest common factor of 944 and 4311920.
16
What is the greatest common factor of 5291028 and 18360?
108
Calculate the greatest common divisor of 2 and 493894.
2
Calculate the greatest common factor of 1290158 and 4464.
62
What is the greatest common divisor of 110 and 13797905?
55
Calculate the greatest common divisor of 40379878 and 6304.
394
Calculate the greatest common factor of 992 and 11086468.
124
Calculate the highest common factor of 278270618 and 114.
38
Calculate the greatest common factor of 29216727 and 13515.
2703
What is the highest common factor of 20968136 and 27727?
1631
Calculate the greatest common divisor of 135080 and 13437083.
3377
What is the highest common divisor of 64917524 and 140?
28
Calculate the highest common divisor of 515898049 and 7949.
7949
What is the highest common factor of 156636 and 348996?
2748
What is the greatest common factor of 618773 and 19285?
551
What is the greatest common divisor of 205881 and 11648?
13
Calculate the greatest common factor of 132167400 and 30.
30
What is the greatest common divisor of 298432 and 5056?
64
Calculate the greatest common factor of 490 and 2968.
14
What is the highest common factor of 23435536 and 16?
16
Calculate the highest common factor of 273124577 and 21208.
2651
What is the greatest common factor of 11419200 and 144448?
3904
What is the greatest common factor of 59122 and 3367?
7
What is the greatest common factor of 24289200 and 800?
400
Calculate the greatest common factor of 66988569 and 3.
3
Calculate the highest common factor of 5390 and 47382412.
1078
Calculate the greatest common divisor of 545826414 and 14.
14
What is the greatest common divisor of 280638 and 3861?
27
Calculate the greatest common factor of 263762 and 28466.
86
Calculate the highest common divisor of 99216 and 62397.
9
What is the highest common factor of 